ivisor of 32956 and 7238?
154
Calculate the highest common factor of 819 and 33813.
117
Calculate the highest common divisor of 60 and 475770.
30
What is the highest common divisor of 13365 and 4131?
243
Calculate the highest common factor of 143860 and 180.
20
What is the greatest common factor of 8 and 72?
8
Calculate the greatest common divisor of 2250 and 3690.
90
What is the highest common factor of 1210 and 2145?
55
What is the highest common divisor of 964 and 292?
4
What is the highest common divisor of 791 and 16159?
113
Calculate the greatest common divisor of 15885 and 315.
45
Calculate the highest common divisor of 10320072 and 42.
42
Calculate the highest common factor of 1572 and 2796.
12
What is the greatest common divisor of 280 and 65296?
56
Calculate the greatest common divisor of 21 and 4361910.
21
What is the highest common divisor of 420 and 28320?
60
Calculate the greatest common divisor of 224945 and 70.
35
Calculate the greatest common divisor of 278025 and 50.
25
What is the highest common factor of 422710 and 220?
10
Calculate the greatest common factor of 15750 and 490.
70
What is the greatest common divisor of 143 and 54681?
11
What is the highest common factor of 218064 and 784?
112
What is the highest common factor of 1384 and 512426?
346
Calculate the greatest common divisor of 642 and 21.
3
Calculate the greatest common factor of 81445 and 716.
179
Calculate the highest common divisor of 12091 and 167241.
107
Calculate the greatest common factor of 464 and 3298576.
464
Calculate the greatest common divisor of 39104 and 1976.
104
What is the highest common divisor of 26 and 3628144?
26
What is the highest common factor of 765175 and 381?
127
Calculate the greatest common factor of 9 and 2783.
1
What is the highest common factor of 10506 and 510?
102
Calculate the highest common factor of 10807 and 49327.
107
Calculate the greatest common factor of 284255 and 45175.
695
What is the greatest common divisor of 151475 and 650?
25
What is the highest common divisor of 208 and 70668?
52
What is the greatest common divisor of 30 and 1671760?
10
What is the highest common factor of 4175 and 4?
1
What is the greatest common factor of 30 and 44634?
6
Calculate the greatest common factor of 696 and 2999151.
87
What is the greatest common factor of 144 and 3200?
16
What is the greatest common factor of 5225 and 6479?
209
What is the highest common factor of 856621 and 59?
59
Calculate the greatest common factor of 1215 and 216.
27
Calculate the highest common divisor of 194896 and 6032.
208
Calculate the greatest common factor of 58 and 675236.
58
Calculate the highest common divisor of 8481 and 88.
11
What is the highest common factor of 480 and 389248?
32
What is the greatest common divisor of 70 and 3310?
10
What is the greatest common factor of 2540 and 20?
20
What is the greatest common factor of 352 and 69036?
44
Calculate the greatest common divisor of 82844 and 47680.
596
Calculate the highest common factor of 21609 and 12.
3
Calculate the highest common divisor of 160 and 135920.
80
What is the greatest common divisor of 2652 and 58786?
442
Calculate the highest common factor of 45 and 24810.
15
What is the highest common factor of 2430 and 16690?
10
Calculate the greatest common divisor of 840 and 14385.
105
What is the greatest common factor of 816 and 32402?
34
Calculate the greatest common factor of 34560 and 16416.
864
Calculate the greatest common factor of 3102 and 73038.
282
What is the greatest common factor of 4 and 1194?
2
Calculate the greatest common divisor of 798994 and 1302.
434
What is the greatest common divisor of 25344 and 232056?
792
What is the greatest common divisor of 29706 and 6?
6
What is the greatest common factor of 1787799 and 13?
13
What is the highest common factor of 2068 and 317955?
517
What is the highest common divisor of 5760 and 251280?
720
What is the highest common factor of 102 and 560524?
34
What is the greatest common factor of 2059 and 18357?
29
Calculate the highest common divisor of 240 and 2490.
30
What is the greatest common factor of 49 and 1225?
49
What is the greatest common factor of 5198 and 9591?
23
Calculate the greatest common factor of 284920 and 1105.
85
Calculate the greatest common divisor of 55777 and 2312.
289
Calculate the highest common factor of 3718 and 149734.
338
Calculate the greatest common factor of 27804 and 4.
4
Calculate the greatest common factor of 1131 and 68469.
87
Calculate the greatest common divisor of 5130 and 109782.
1026
Calculate the greatest common divisor of 290 and 93641.
29
Calculate the highest common divisor of 642885 and 75.
15
What is the greatest common divisor of 130 and 2258490?
130
Calculate the greatest common factor of 896 and 5726.
14
What is the greatest common divisor of 37545 and 15?
15
What is the greatest common divisor of 158 and 12807322?
158
What is the highest common factor of 126 and 12894?
42
Calculate the highest common divisor of 676 and 399.
1
Calculate the highest common factor of 5552 and 818.
2
What is the greatest common divisor of 157615 and 725?
145
Calculate the highest common divisor of 150 and 231810.
30
What is the greatest common divisor of 4215 and 304323?
843
What is the greatest common factor of 105 and 12345?
15
What is the highest common factor of 69808 and 2048?
16
Calculate the greatest common divisor of 56 and 10624.
8
What is the greatest common divisor of 819 and 163422?
63
What is the highest common divisor of 6244 and 28?
28
What is the greatest common divisor of 6175 and 185725?
475
Calculate the highest common divisor of 51337 and 429.
143
Calculate the highest common factor of 1083 and 4935231.
1083
What is the highest common factor of 1154475 and 1125?
225
Calculate the highest common divisor of 737201 and 201.
67
Calculate the highest common divisor of 24565 and 1955.
85
What is the highest common divisor of 21696 and 48?
48
Calculate the greatest common divisor of 50 and 5166760.
10
What is the highest common divisor of 3906 and 587538?
126
Calculate the greatest common divisor of 532776 and 9554.
562
What is the greatest common divisor of 3904 and 34648?
488
Calculate the highest common factor of 118535 and 10205.
785
What is the greatest common divisor of 68978 and 31668?
182
Calculate the highest common divisor of 14004 and 6093.
9
Calculate the greatest common factor of 117 and 46501.
13
What is the greatest common factor of 9761 and 2951?
227
Calculate the greatest common divisor of 10309 and 7015.
61
Calculate the highest common divisor of 3 and 23046.
3
Calculate the highest common divisor of 51 and 579.
3
What is the highest common divisor of 948 and 3776358?
474
Calculate the highest common factor of 78 and 115908.
78
What is the highest common divisor of 15 and 36605?
5
Calculate the greatest common factor of 16039 and 4849.
373
Calculate the greatest common divisor of 90324 and 5694.
78
Calculate the highest common divisor of 1771 and 14091.
77
Calculate the highest common divisor of 88585 and 35.
35
What is the greatest common divisor of 83210 and 157?
157
What is the greatest common divisor of 4158 and 35838?
198
What is the highest common divisor of 1582281 and 216?
27
Calculate the greatest common divisor of 6450 and 6.
6
Calculate the highest common divisor of 241494 and 1452.
66
What is the highest common factor of 114 and 14691142?
38
What is the greatest common factor of 8479 and 695?
139
Calculate the greatest common divisor of 1372 and 84.
28
Calculate the greatest common divisor of 409074 and 1392.
174
Calculate the greatest common divisor of 189023 and 51.
17
What is the greatest common factor of 15008 and 119?
7
What is the greatest common divisor of 200105 and 85?
5
What is the highest common factor of 885 and 7665870?
885
What is the highest common factor of 120 and 405915?
15
What is the highest common divisor of 2613 and 117?
39
Calculate the greatest common divisor of 47762 and 1001.
143
What is the highest common divisor of 25 and 4865900?
25
What is the greatest common factor of 18765 and 45945?
45
What is the highest common factor of 1510 and 15?
5
What is the greatest common divisor of 1325 and 52735?
265
Calculate the greatest common div